s of 13404.
2, 3, 1117
What are the prime factors of 16784?
2, 1049
What are the prime factors of 95710?
2, 5, 17, 563
What are the prime factors of 29681?
67, 443
What are the prime factors of 52614?
2, 3, 37, 79
What are the prime factors of 9288?
2, 3, 43
What are the prime factors of 385?
5, 7, 11
What are the prime factors of 1290?
2, 3, 5, 43
What are the prime factors of 73?
73
What are the prime factors of 67496?
2, 11, 13, 59
List the prime factors of 33161.
33161
What are the prime factors of 9471?
3, 7, 11, 41
List the prime factors of 460.
2, 5, 23
What are the prime factors of 77?
7, 11
List the prime factors of 1553.
1553
List the prime factors of 10556.
2, 7, 13, 29
What are the prime factors of 21745?
5, 4349
What are the prime factors of 28207?
67, 421
What are the prime factors of 68199?
3, 127, 179
What are the prime factors of 8525?
5, 11, 31
List the prime factors of 441.
3, 7
What are the prime factors of 440?
2, 5, 11
List the prime factors of 140284.
2, 17, 2063
List the prime factors of 42236.
2, 10559
List the prime factors of 506.
2, 11, 23
List the prime factors of 67416.
2, 3, 53
What are the prime factors of 13580?
2, 5, 7, 97
What are the prime factors of 9681?
3, 7, 461
List the prime factors of 20198.
2, 10099
What are the prime factors of 853?
853
List the prime factors of 4310.
2, 5, 431
List the prime factors of 633.
3, 211
List the prime factors of 22291.
22291
List the prime factors of 6243.
3, 2081
List the prime factors of 341.
11, 31
What are the prime factors of 2665?
5, 13, 41
List the prime factors of 10861.
10861
What are the prime factors of 17007?
3, 5669
List the prime factors of 22046.
2, 73, 151
What are the prime factors of 1612?
2, 13, 31
List the prime factors of 63513.
3, 7057
List the prime factors of 2944.
2, 23
What are the prime factors of 2541?
3, 7, 11
What are the prime factors of 8431?
8431
What are the prime factors of 23648?
2, 739
List the prime factors of 3456.
2, 3
List the prime factors of 163.
163
List the prime factors of 8087.
8087
What are the prime factors of 8311?
8311
List the prime factors of 33785.
5, 29, 233
What are the prime factors of 26693?
26693
List the prime factors of 7928.
2, 991
What are the prime factors of 4811?
17, 283
What are the prime factors of 4180?
2, 5, 11, 19
What are the prime factors of 104985?
3, 5, 2333
What are the prime factors of 75711?
3, 25237
What are the prime factors of 913?
11, 83
List the prime factors of 5950.
2, 5, 7, 17
List the prime factors of 19435.
5, 13, 23
What are the prime factors of 4665?
3, 5, 311
List the prime factors of 6149.
11, 13, 43
What are the prime factors of 10914?
2, 3, 17, 107
What are the prime factors of 5991?
3, 1997
List the prime factors of 26580.
2, 3, 5, 443
List the prime factors of 264.
2, 3, 11
What are the prime factors of 2277?
3, 11, 23
List the prime factors of 2860.
2, 5, 11, 13
What are the prime factors of 3805?
5, 761
List the prime factors of 1109.
1109
List the prime factors of 1706.
2, 853
List the prime factors of 2273.
2273
What are the prime factors of 670?
2, 5, 67
List the prime factors of 40472.
2, 5059
List the prime factors of 188.
2, 47
What are the prime factors of 2240?
2, 5, 7
List the prime factors of 35420.
2, 5, 7, 11, 23
List the prime factors of 52.
2, 13
List the prime factors of 6415.
5, 1283
List the prime factors of 11285.
5, 37, 61
What are the prime factors of 128177?
7, 18311
What are the prime factors of 8547?
3, 7, 11, 37
List the prime factors of 577.
577
What are the prime factors of 4742?
2, 2371
List the prime factors of 171486.
2, 3, 7, 1361
What are the prime factors of 14035?
5, 7, 401
List the prime factors of 9378.
2, 3, 521
List the prime factors of 1011.
3, 337
What are the prime factors of 118691?
118691
What are the prime factors of 2763?
3, 307
What are the prime factors of 57909?
3, 97, 199
List the prime factors of 550.
2, 5, 11
What are the prime factors of 1099?
7, 157
List the prime factors of 14567.
7, 2081
List the prime factors of 1963.
13, 151
List the prime factors of 1188.
2, 3, 11
What are the prime factors of 34507?
11, 3137
What are the prime factors of 37648?
2, 13, 181
List the prime factors of 1052.
2, 263
What are the prime factors of 51?
3, 17
What are the prime factors of 1270?
2, 5, 127
What are the prime factors of 907?
907
What are the prime factors of 131?
131
List the prime factors of 564.
2, 3, 47
What are the prime factors of 678?
2, 3, 113
List the prime factors of 40417.
13, 3109
What are the prime factors of 80399?
11, 7309
List the prime factors of 11532.
2, 3, 31
What are the prime factors of 48302?
2, 24151
What are the prime factors of 3186?
2, 3, 59
List the prime factors of 25220.
2, 5, 13, 97
List the prime factors of 20437.
107, 191
What are the prime factors of 33247?
33247
What are the prime factors of 20999?
11, 23, 83
What are the prime factors of 21918?
2, 3, 13, 281
What are the prime factors of 79496?
2, 19, 523
List the prime factors of 25863.
3, 37, 233
List the prime factors of 2546.
2, 19, 67
List the prime factors of 6769.
7, 967
List the prime factors of 1149.
3, 383
List the prime factors of 3787.
7, 541
What are the prime factors of 28406?
2, 7, 2029
What are the prime factors of 1061?
1061
List the prime factors of 14248.
2, 13, 137
List the prime factors of 7861.
7, 1123
What are the prime factors of 36630?
2, 3, 5, 11, 37
What are the prime factors of 153?
3, 17
What are the prime factors of 6870?
2, 3, 5, 229
What are the prime factors of 35663?
19, 1877
What are the prime factors of 12829?
12829
What are the prime factors of 5808?
2, 3, 11
What are the prime factors of 39205?
5, 7841
List the prime factors of 8105.
5, 1621
List the prime factors of 121864.
2, 15233
What are the prime factors of 16382?
2, 8191
What are the prime factors of 55365?
3, 5, 3691
List the prime factors of 13157.
59, 223
What are the prime factors of 5714?
2, 2857
What are the prime factors of 72912?
2, 3, 7, 31
List the prime factors of 53641.
7, 79, 97
What are the prime factors of 78739?
71, 1109
What are the prime factors of 801?
3, 89
What are the prime factors of 15089?
79, 191
List the prime factors of 5451.
3, 23, 79
What are the prime factors of 147026?
2, 11, 41, 163
What are the prime factors of 11312?
2, 7, 101
List the prime factors of 1032.
2, 3, 43
What are the prime factors of 2015?
5, 13, 31
List the prime factors of 2778.
2, 3, 463
List the prime factors of 37804.
2, 13, 727
What are the prime factors of 15008?
2, 7, 67
What are the prime factors of 181?
181
What are the prime factors of 19719?
3, 7, 313
List the prime factors of 3971.
11, 19
List the prime factors of 376.
2, 47
List the prime factors of 4010.
2, 5, 401
List the prime factors of 19550.
2, 5, 17, 23
List the prime factors of 1500.
2, 3, 5
What are the prime factors of 5280?
2, 3, 5, 11
What are the prime factors of 32545?
5, 23, 283
List the prime factors of 29988.
2, 3, 7, 17
What are the prime factors of 31?
31
What are the prime factors of 1568?
2, 7
List the prime factors of 427.
7, 61
What are the prime factors of 3450?
2, 3, 5, 23
List the prime factors of 11727.
3, 1303
What are the prime factors of 515?
5, 103
List the prime factors of 6208.
2, 97
What are the prime factors of 6463?
23, 281
What are the prime factors of 1309?
7, 11, 17
List the prime factors of 1002.
2, 3, 167
What are the prime factors of 5859?
3, 7, 31
List the prime factors of 175.
5, 7
List the prime factors of 111761.
13, 8597
What are the prime factors of 106038?
2, 3, 43, 137
List the prime factors of 6730.
2, 5, 673
List the prime factors of 57511.
17, 199
What are the prime factors of 12868?
2, 3217
List the prime factors of 4478.
2, 2239
What are the prime factors of 10799?
10799
What are the prime factors of 2526?
2, 3, 421
What are the prime factors of 69649?
17, 241
What are the prime factors of 42102?
2, 3, 2339
What are the prime factors of 75534?
2, 3, 12589
What are the prime factors of 1363?
29, 47
List the prime factors of 2514.
2, 3, 419
What are the prime factors of 14526?
2, 3, 269
What are the prime factors of 11188?
2, 2797
List the prime factors of 3811.
37, 103
List the prime factors of 6037.
6037
What are the prime factors of